8
What is the remainder when 289944 is divided by 2265?
24
Calculate the remainder when 8275 is divided by 1158.
169
What is the remainder when 19111 is divided by 1473?
1435
What is the remainder when 242 is divided by 153?
89
Calculate the remainder when 1632509 is divided by 198.
197
What is the remainder when 221 is divided by 16?
13
Calculate the remainder when 91122 is divided by 97.
39
What is the remainder when 291984 is divided by 23?
22
Calculate the remainder when 296 is divided by 172.
124
Calculate the remainder when 1649 is divided by 238.
221
Calculate the remainder when 45616 is divided by 22800.
16
Calculate the remainder when 45893 is divided by 22797.
299
What is the remainder when 123850 is divided by 39?
25
What is the remainder when 1072 is divided by 870?
202
What is the remainder when 5901 is divided by 982?
9
Calculate the remainder when 948 is divided by 51.
30
What is the remainder when 2687 is divided by 3?
2
What is the remainder when 23482 is divided by 57?
55
Calculate the remainder when 28119 is divided by 971.
931
Calculate the remainder when 195157 is divided by 149.
116
Calculate the remainder when 9814 is divided by 2419.
138
Calculate the remainder when 9174 is divided by 218.
18
Calculate the remainder when 13246 is divided by 460.
366
What is the remainder when 96269 is divided by 57?
53
What is the remainder when 2414 is divided by 643?
485
What is the remainder when 9299 is divided by 103?
29
Calculate the remainder when 19769 is divided by 1646.
17
Calculate the remainder when 7056 is divided by 101.
87
Calculate the remainder when 8508 is divided by 47.
1
What is the remainder when 25815 is divided by 243?
57
Calculate the remainder when 65334 is divided by 98.
66
What is the remainder when 946 is divided by 30?
16
Calculate the remainder when 25864 is divided by 616.
608
What is the remainder when 43028 is divided by 138?
110
Calculate the remainder when 58994 is divided by 14.
12
What is the remainder when 635 is divided by 630?
5
What is the remainder when 3424 is divided by 1701?
22
What is the remainder when 1717428 is divided by 939?
936
What is the remainder when 178321 is divided by 68?
25
Calculate the remainder when 8954 is divided by 83.
73
Calculate the remainder when 7387 is divided by 7.
2
What is the remainder when 36316 is divided by 18150?
16
Calculate the remainder when 111520 is divided by 2.
0
What is the remainder when 71016 is divided by 17741?
52
Calculate the remainder when 1424 is divided by 1268.
156
Calculate the remainder when 1014 is divided by 10.
4
What is the remainder when 22412 is divided by 723?
722
Calculate the remainder when 2098 is divided by 33.
19
Calculate the remainder when 73476 is divided by 10.
6
What is the remainder when 147117 is divided by 16345?
12
What is the remainder when 726 is divided by 292?
142
Calculate the remainder when 4300 is divided by 287.
282
Calculate the remainder when 5121 is divided by 92.
61
What is the remainder when 2276 is divided by 58?
14
Calculate the remainder when 177547 is divided by 9342.
49
What is the remainder when 3146287 is divided by 14?
11
Calculate the remainder when 3644 is divided by 77.
25
Calculate the remainder when 348721 is divided by 399.
394
What is the remainder when 4144 is divided by 276?
4
What is the remainder when 6646 is divided by 492?
250
Calculate the remainder when 16508 is divided by 24.
20
Calculate the remainder when 78252 is divided by 4890.
12
What is the remainder when 25768 is divided by 12883?
2
Calculate the remainder when 5961 is divided by 69.
27
Calculate the remainder when 1962 is divided by 314.
78
Calculate the remainder when 3379 is divided by 643.
164
What is the remainder when 487828 is divided by 101?
99
What is the remainder when 65505 is divided by 152?
145
What is the remainder when 10890 is divided by 124?
102
Calculate the remainder when 8658 is divided by 8192.
466
What is the remainder when 93788 is divided by 93707?
81
What is the remainder when 121904 is divided by 29?
17
What is the remainder when 16653 is divided by 64?
13
What is the remainder when 753 is divided by 426?
327
What is the remainder when 19160 is divided by 79?
42
What is the remainder when 834 is divided by 823?
11
Calculate the remainder when 9743 is divided by 1894.
273
What is the remainder when 7158 is divided by 48?
6
What is the remainder when 13070 is divided by 22?
2
Calculate the remainder when 26334 is divided by 30.
24
Calculate the remainder when 2588 is divided by 2468.
120
What is the remainder when 402727 is divided by 206?
203
What is the remainder when 1182 is divided by 13?
12
Calculate the remainder when 4926 is divided by 1629.
39
Calculate the remainder when 58713 is divided by 3084.
117
What is the remainder when 376653 is divided by 708?
705
Calculate the remainder when 6648 is divided by 2180.
108
Calculate the remainder when 4712 is divided by 1174.
16
Calculate the remainder when 4447 is divided by 127.
2
Calculate the remainder when 11686 is divided by 2195.
711
Calculate the remainder when 388 is divided by 156.
76
Calculate the remainder when 78526 is divided by 64.
62
Calculate the remainder when 35434 is divided by 95.
94
Calculate the remainder when 36187 is divided by 112.
11
What is the remainder when 17142 is divided by 1317?
21
Calculate the remainder when 11886 is divided by 5934.
18
Calculate the remainder when 3081 is divided by 3076.
5
Calculate the remainder when 92612 is divided by 707.
702
What is the remainder when 229030 is divided by 11?
10
Calculate the remainder when 16273 is divided by 191.
38
Calculate the remainder when 195479 is divided by 120.
119
Calculate the remainder when 10550 is divided by 3500.
50
What is the remainder when 37771 is divided by 142?
141
What is the remainder when 37754 is divided by 8?
2
Calculate the remainder when 96267 is divided by 32086.
9
Calculate the remainder when 6159 is divided by 154.
153
What is the remainder when 11601 is divided by 116?
1
Calculate the remainder when 164668 is divided by 496.
492
What is the remainder when 382 is divided by 141?
100
Calculate the remainder when 5212 is divided by 1045.
1032
Calculate the remainder when 13652 is divided by 1364.
12
What is the remainder when 6856 is divided by 214?
8
What is the remainder when 1387 is divided by 656?
75
What is the remainder when 3422 is divided by 313?
292
What is the remainder when 805 is divided by 757?
48
What is the remainder when 17115 is divided by 8500?
115
Calculate the remainder when 107318 is divided by 225.
218
Calculate the remainder when 7911 is divided by 1030.
701
Calculate the remainder when 1764 is divided by 866.
32
What is the remainder when 20705 is divided by 495?
410
Calculate the remainder when 8539 is divided by 9.
7
What is the remainder when 27911 is divided by 321?
305
Calculate the remainder when 4199 is divided by 42.
41
What is the remainder when 5424 is divided by 1249?
428
Calculate the remainder when 9672 is divided by 9629.
43
What is the remainder when 37686 is divided by 31?
21
What is the remainder when 7168 is divided by 1791?
4
Calculate the remainder when 11358 is divided by 1886.
42
Calculate the remainder when 13002 is divided by 1849.
59
Calculate the remainder when 77101 is divided by 61.
58
Calculate the remainder when 1489 is divided by 100.
89
Calculate the remainder when 82664 is divided by 3179.
10
Calculate the remainder when 388117 is divided by 2570.
47
Calculate the remainder when 147950 is divided by 19.
16
Calculate the remainder when 54437 is divided by 18.
5
Calculate the remainder when 1967 is divided by 959.
49
Calculate the remainder when 20801 is divided by 78.
53
Calculate the remainder when 38008 is divided by 21.
19
Calculate the remainder when 25991 is divided by 8534.
389
What is the remainder when 161043 is divided by 652?
651
What is the remainder when 135238 is divided by 541?
529
Calculate the remainder when 693239 is divided by 22.
19
What is the remainder when 129367 is divided by 44?
7
What is the remainder when 224999 is divided by 90?
89
What is the remainder when 949600 is divided by 3?
1
Calculate the remainder when 72944 is divided by 36469.
6
What is the remain